e 11?
-5a5
Convert 6aa (base 13) to base 16.
482
1254 (base 8) to base 3
221100
439 (base 10) to base 14
235
What is 123 (base 15) in base 9?
316
Convert 220144 (base 6) to base 2.
100011100100000
What is 403 (base 15) in base 16?
387
Convert -68a1 (base 11) to base 5.
-242230
55348 (base 10) to base 14
16256
-408 (base 10) to base 7
-1122
Convert -2809 (base 10) to base 2.
-101011111001
What is 206 (base 12) in base 5?
2134
What is -300 (base 7) in base 16?
-93
Convert 619a (base 11) to base 10.
8216
What is 35 (base 8) in base 14?
21
Convert -11446 (base 10) to base 9.
-16627
112001 (base 3) to base 11
315
Convert -13626 (base 7) to base 12.
-2200
Convert -4d09 (base 15) to base 9.
-24480
Convert -1119 (base 12) to base 3.
-2121010
What is -277 (base 9) in base 7?
-451
Convert 854 (base 9) to base 14.
37b
What is -54a (base 11) in base 6?
-3015
What is -26141 (base 7) in base 15?
-20c8
What is -87c (base 13) in base 12?
-a13
What is -11000110101111 (base 2) in base 6?
-134515
-244205 (base 7) to base 15
-d398
Convert -80 (base 14) to base 9.
-134
What is 27e5 (base 15) in base 7?
33620
What is 23101131 (base 4) in base 9?
70303
556 (base 8) to base 15
196
What is 1151 (base 9) in base 11?
709
What is 6846 (base 16) in base 2?
110100001000110
Convert -111010000010101 (base 2) to base 11.
-20366
What is 312313 (base 5) in base 13?
491b
What is a287 (base 14) in base 12?
14213
What is 28a75 (base 11) in base 14?
11046
116710 (base 8) to base 16
9dc8
-4060 (base 9) to base 2
-101110011010
Convert 57 (base 16) to base 14.
63
What is 376 (base 8) in base 7?
512
What is 100 (base 7) in base 12?
41
1111000001000 (base 2) to base 4
1320020
2f66 (base 16) to base 4
2331212
Convert 145252 (base 8) to base 7.
304155
-13126 (base 7) to base 6
-24111
What is -3aa (base 12) in base 7?
-1432
-14443 (base 7) to base 6
-30304
What is -339b (base 12) in base 4?
-1121213
10011100 (base 2) to base 4
2130
What is 537 (base 11) in base 2?
1010000101
Convert -7a7a (base 13) to base 11.
-1199a
What is -10123 (base 6) in base 13?
-7c8
Convert -1002012 (base 3) to base 10.
-788
1360 (base 8) to base 4
23300
Convert -2425 (base 7) to base 2.
-1110000101
-465 (base 12) to base 16
-28d
842c (base 15) to base 3
1102022220
What is 26207 (base 9) in base 7?
102334
Convert 13388 (base 9) to base 12.
52bb
2610 (base 14) to base 8
15026
-e3e (base 15) to base 6
-22505
What is -57d (base 15) in base 14?
-64b
Convert 2104 (base 7) to base 16.
2e3
What is -1b2 (base 15) in base 13?
-242
-2465 (base 14) to base 11
-4863
34c9 (base 14) to base 12
53a1
-2040 (base 5) to base 3
-101000
7450 (base 8) to base 14
15b2
Convert -102b (base 12) to base 5.
-24023
What is 147d (base 14) in base 9?
4883
Convert -1378 (base 14) to base 4.
-311232
Convert -101101101011101 (base 2) to base 7.
-125122
Convert -545 (base 16) to base 10.
-1349
Convert -19838 (base 13) to base 4.
-30021011
What is 1620 (base 9) in base 8?
2321
Convert 1483 (base 10) to base 15.
68d
Convert 3a8 (base 16) to base 2.
1110101000
29649 (base 11) to base 7
233365
6335 (base 10) to base 4
1202333
Convert -543 (base 9) to base 14.
-23a
Convert 10532 (base 7) to base 2.
101001101101
What is -314 (base 5) in base 10?
-84
2223200 (base 4) to base 5
322401
-506 (base 8) to base 12
-232
What is 3605 (base 9) in base 10?
2678
-1010010111 (base 2) to base 11
-553
Convert 368a (base 14) to base 16.
253a
Convert -ab (base 15) to base 5.
-1121
What is 1221000 (base 3) in base 12?
990
What is -11133230 (base 4) in base 13?
-a325
What is -1112 (base 7) in base 2?
-110010001
What is 10101110110111 (base 2) in base 8?
25667
Convert -378 (base 11) to base 7.
-1210
What is -25013 (base 6) in base 8?
-7141
-2760 (base 12) to base 6
-33000
Convert -3257 (base 15) to base 16.
-29a1
Convert 17 (base 10) to base 7.
23
Convert -4727 (base 9) to base 5.
-103013
What is 31021 (base 4) in base 11?
6a5
Convert -1011220 (base 3) to base 10.
-861
What is -35765 (base 10) in base 8?
-105665
What is -52c (base 14) in base 10?
-1020
Convert 12112 (base 7) to base 10.
3145
Convert 1c4a (base 14) to base 4.
1100222
431345 (base 6) to base 16
8a11
543 (base 8) to base 10
355
Convert -1222444 (base 6) to base 5.
-4043104
1022321 (base 4) to base 11
3668
What is -110101 (base 3) in base 15?
-174
39b (base 12) to base 9
672
7e4 (base 15) to base 16
6fd
What is 5655 (base 10) in base 3?
21202110
33102 (base 6) to base 2
1000111011110
Convert -1000111011000 (base 2) to base 15.
-1548
What is 843 (base 13) in base 12?
993
-1644 (base 8) to base 5
-12212
What is 234014 (base 5) in base 11?
653a
Convert -42b2 (base 12) to base 13.
-3452
Convert -135 (base 12) to base 13.
-113
What is -13222 (base 10) in base 3?
-200010201
What is 16232 (base 8) in base 10?
7322
b63b (base 12) to base 9
30282
What is 406 (base 8) in base 9?
321
a5a (base 11) to base 4
103323
-21 (base 5) to base 11
-10
What is 110011010 (base 2) in base 14?
214
-400 (base 6) to base 12
-100
-1cd (base 14) to base 7
-1046
48c0 (base 16) to base 14
6b04
What is -37060 (base 9) in base 4?
-12010020
91f (base 16) to base 11
1833
What is -1130022 (base 5) in base 6?
-235313
What is -a86 (base 15) in base 8?
-4510
What is 1111011011101111 (base 2) in base 13?
22a09
What is b9 (base 15) in base 9?
213
What is a47 (base 16) in base 12?
1633
What is 1782 (base 10) in base 15?
7dc
What is -c5 (base 16) in base 3?
-21022
What is -dd (base 15) in base 10?
-208
-305 (base 14) to base 3
-210222
-21313 (base 4) to base 13
-397
325 (base 12) to base 3
122002
Convert -4315 (base 6) to base 5.
-12413
Convert -110011000010 (base 2) to base 15.
-e7b
Convert c9b (base 13) to base 16.
86c
Convert 1a716 (base 11) to base 6.
341223
Convert 1431a (base 12) to base 6.
334034
What is 27a (base 15) in base 2?
1000110101
1127 (base 12) to base 15
86d
Convert 352 (base 14) to base 8.
1224
What is 6867 (base 9) in base 16?
13db
Convert 16623 (base 9) to base 10.
11442
Convert -9468 (base 11) to base 6.
-134013
Convert 1030415 (base 6) to base 12.
2540b
Convert -26435 (base 8) to base 9.
-16752
16 (base 12) to base 14
14
What is -248 (base 15) in base 6?
-2222
Convert 359 (base 11) to base 15.
1d7
What is 2047 (base 14) in base 15?
19a1
-202200 (base 4) to base 15
-9c3
Convert 5036 (base 7) to base 16.
6ce
6253 (base 10) to base 4
1201231
What is 417 (base 12) in base 13?
36a
Convert 111210 (base 3) to base 13.
228
-1126 (base 10) to base 8
-2146
Convert 4129 (base 13) to base 7.
35134
410 (base 13) to base 15
30e
Convert -116b6 (base 16) to base 13.
-26626
Convert -24502 (base 6) to base 11.
-2808
What is 1011000001100011 (base 2) in base 13?
17726
Convert -17510 (base 12) to base 16.
-831c
What is -120330 (base 5) in base 13?
-2056
Convert -6c4 (base 15) to base 14.
-7b8
What is 26c19 (base 13) in base 9?
120223
572 (base 9) to base 2
111010110
Convert 10010101110 (base 2) to base 11.
99a
What is -1f99 (base 16) in base 8?
-17631
What is -11131 (base 4) in base 12?
-251
What is -122022 (base 3) in base 11?
-395
-3707 (base 14) to base 12
-568b
Convert 210002 (base 3) to base 7.
1442
What is -11ad9 (base 14) in base 12?
-21093
Convert 8767 (base 9) to base 8.
14474
-46d4 (base 14) to base 7
-50654
What is -3501 (base 10) in base 16?
-dad
13525 (base 12) to base 5
1323134
What is 10010110011110 (base 2) in base 14?
371c
1000022 (base 3) to base 7
2102
Convert 832 (base 14) to base 13.
970
Convert 3186 (base 10) to base 13.
15b1
Convert 648 (base 9) to base 15.
255
What is 60104 (base 7) in base 8?
34173
Convert -489 (base 11) to base 16.
-245
-9455 (base 10) to base 11
-7116
Convert 3330 (base 5) to base 9.
566
What is 105 (base 9) in base 10?
86
What is -3e65 (base 15) in base 11?
-a055
Convert -16761 (base 12) to base 15.
-980a
Convert -213405 (base 6) to base 2.
-100010011101101
What is -100010001001010 (base 2) in base 9?
-25874
What is 110001222 (base 3) in base 5?
240201
Convert -1121220112 (base 3) to base 13.
-11753
Convert 847 (base 10) to base 6.
3531
What is a015 (base 14) in base 16?
6b43
What is 113013 (base 4) in base 12?
a33
1123 (base 4) to base 13
70
6000 (base 7) to base 14
a70
-3645 (base 7) to base 2
-10101001100
Convert -35 (base 13) to base 12.
-38
What is 21132 (base 4) in base 3?
211110
Convert -110010